-30 + 28. Let q(r) = -r**3 - r**2 - r. List the prime factors of q(u).
2, 3
Let c(m) = m**2 + 18*m - 29. Let f be c(-21). Suppose -b - 42 = b. Let k = f + b. List the prime factors of k.
13
Suppose 2*l - 103 + 41 = -2*u, 3*u - 68 = 2*l. Let p = -22 + u. Suppose 2*a - 5*x + 29 - 132 = 0, p*a = -5*x + 161. What are the prime factors of a?
2, 11
Suppose 2*p + d - 4*d - 19 = 0, -p = -d - 9. What are the prime factors of 650/p + (-6)/24?
3
Let w(r) = r**2 - r - 6. Let d be w(3). Let j be d - 7/((-14)/(-4)). List the prime factors of j + 28 - -1*1.
3
Let q = -8 - -13. Let t = 171 + -90. Suppose -q*k + 129 = -t. What are the prime factors of k?
2, 3, 7
Suppose 3*y - 18 - 9 = 0. Let i = y + -7. Suppose -52 = -3*a - i*v, -2*a = 3*a - 2*v - 92. List the prime factors of a.
2, 3
List the prime factors of (-3037 - -6)*1/(-1) - 3.
2, 757
Suppose -5*l + 4*l - 9 = 0. Let j = l + 11. Suppose -2*m - 5*z + 63 = 0, -j*z - 25 = 3*z. List the prime factors of m.
2, 11
Let h(g) = 10*g**2 + 47*g + 337. List the prime factors of h(-12).
1213
Suppose 0 = -4*p - 20, -3*s + 3*p - 563 = -1727. What are the prime factors of s?
383
Let w be 6/10 + 3800/125. Let o be (4/(-3))/((-2)/3). Suppose -u + 21 = 3*a, u - a = -o*a + w. What are the prime factors of u?
2, 3
Let d(j) = 5 + 15*j**2 + 5*j - 7 - 4*j**2. Let u be d(3). Suppose -4*v + u = -0*v + 3*y, -4*y - 56 = -2*v. What are the prime factors of v?
2, 7
Suppose 8*v - 30 = 2*v. Suppose -l = -2*h - 70, 360 = 4*l + l - v*h. List the prime factors of l.
2, 37
Let i = -11 + 15. Suppose 2*k - 2*l = 6, 8*l - 3*l = 3*k - 1. Suppose -3*q + k = r - 9, -23 = -i*q - r. What are the prime factors of q?
7
Let l be 5 - (-2 + -1 + 2). Suppose l*w - 248 = 2*w. What are the prime factors of w?
2, 31
Suppose -3*y + 2*o + 1512 = 0, -1506 = -9*y + 6*y + 4*o. What are the prime factors of y?
2, 11, 23
Let i(p) = -p**3 + 4*p**2 + 5*p + 7. Let f be i(5). Let y = 174 - f. Suppose -4*h - 43 + y = 0. List the prime factors of h.
31
Let l = 273 + 1159. What are the prime factors of l?
2, 179
Let j(l) = -l**3 - 2*l**2 - l. Let i be j(-1). What are the prime factors of (246/15 - i)*(-5)/(-1)?
2, 41
Let u(h) = -4*h**3 - 6*h**2 + 20*h + 29. What are the prime factors of u(-7)?
967
Suppose -1 = -2*g + 5*j - 9, -5*g + 14 = -4*j. Let k be ((-2)/g)/((-3)/612). Suppose -2*h = 4*i - k, 0 = -4*i + h - 6*h + 62. List the prime factors of i.
2, 3
Let j(z) = 71*z + 437. What are the prime factors of j(32)?
3, 7, 43
Let m(d) = d**3 + 4*d**2 + 5. Let f be m(-5). Let g be 5/f*(0 + 0). Let j(k) = k**3 - k**2 - 2*k + 24. What are the prime factors of j(g)?
2, 3
Suppose 0*p - p - 6 = -5*s, -12 = 2*p + 5*s. Let w be ((-9)/p + -2)*-24. Let h = w + 13. List the prime factors of h.
5
Let g = -7 + -24. Let x(m) = -m**2 - 33*m + 53. What are the prime factors of x(g)?
5, 23
Let l = -11 + 14. Suppose 0 = -3*c + l*p - p + 240, p = -5*c + 400. Let q = c - 50. What are the prime factors of q?
2, 3, 5
Suppose -6*b = -10*b + 24. Suppose -b*k + 117 = -261. List the prime factors of k.
3, 7
What are the prime factors of (-3144)/(-24) + (1 - 3) + -4?
5
Let k = -155 + 2581. What are the prime factors of k?
2, 1213
Let u(a) be the second derivative of -a**3 - 3*a**2 - a. Let c be u(-4). Let m = 45 - c. List the prime factors of m.
3
Let d = -50 + -32. Let r = d - -15. Let c = r - -94. List the prime factors of c.
3
List the prime factors of (1 - (-1164)/(-84))*-1*7.
2, 3, 5
Suppose 3*n + 9 = -0*n. Let p = -58 - -67. List the prime factors of n/(p/(-42)) + 3.
17
Let m = -561 + 141. Let z = -130 - m. List the prime factors of z.
2, 5, 29
Let z(h) = -4*h - 21. What are the prime factors of z(-17)?
47
Let t = -16 - -18. Suppose t*c + 5*q = 57, -2*c - 4*q + 72 = -2*q. List the prime factors of c.
41
Let b be (6/(-5))/((-96)/320). Suppose -675 = -b*n - 55. What are the prime factors of n?
5, 31
Let t = 2928 - 1099. What are the prime factors of t?
31, 59
List the prime factors of -4 - (3/6)/(10/(-17960)).
2, 3, 149
Let v(r) = -9*r**2 - 3*r - 9. Let m = -1 - 2. Let h be v(m). Let z = h - -132. What are the prime factors of z?
3, 17
Let z(p) = 15*p - 263. What are the prime factors of z(26)?
127
Suppose y + 33 = 148. Suppose y = q + 12. What are the prime factors of q?
103
Let p = 677 + -446. Suppose 2*u - 49 = -b, -4*b + 0*u + p = u. What are the prime factors of b?
59
Let o(p) = -3*p**2 + 2*p**2 - 4*p**2 - 11 + 22*p + 4*p**2. List the prime factors of o(16).
5, 17
Let i(m) = 12*m**2 + 16 + 12 + 16*m - 11 + 7*m**3. Let t(x) = x**3 + x + 1. Let y(g) = i(g) - 6*t(g). What are the prime factors of y(-11)?
2, 11
Suppose 0 = 2*k + 34*k - 21600. List the prime factors of k.
2, 3, 5
Let b be (1 + 5/(-5))*4/(-8). Suppose 3*s - 2*d - 3*d - 382 = b, -5*d = s - 114. What are the prime factors of s?
2, 31
Let x(b) = 38*b + 42. List the prime factors of x(17).
2, 43
Let i(s) = s**2 + 3*s - 2. Let u be i(1). Suppose 106 = t - d, -4*d = -u*t - t + 317. List the prime factors of t.
107
Let d = -4 + 20. Let n = d + 10. Suppose -2*p + n = p + 5*f, -5*f + 40 = 5*p. What are the prime factors of p?
7
Let l(o) be the first derivative of 2*o**4 + o**3 - o**2 + 5. Let s be l(1). Suppose -4*r + 137 = s. List the prime factors of r.
2
Suppose 0 - 6 = -3*c. Suppose -4*l + x + 994 = 0, 0 = -3*l + 5*x - 2*x + 741. Suppose 4*a = -3*q + l, -c*a + 7*a - 2*q - 294 = 0. List the prime factors of a.
2, 3, 5
Let d(c) = -c**3 + 18*c**2 - 2*c - 146. What are the prime factors of d(15)?
499
Suppose -27*c = -10*c - 17782. List the prime factors of c.
2, 523
Let c be 2 - (0 + 188) - 4. Let y = 272 + c. List the prime factors of y.
2, 41
Suppose -4*u + 3*d + 3379 = -3*u, 0 = 4*u - 3*d - 13552. What are the prime factors of u?
3391
Suppose 0 = -0*c - 3*c + 3. Let s(u) = c - 3 - 5*u**3 - u - u**3 - u**2. List the prime factors of s(-2).
2, 11
Let c = 28 + -14. Suppose 3*r + 11 = 2*v - 8, -v + c = -3*r. Let k(w) = -2*w**3 - 4*w**2 + w. List the prime factors of k(r).
3, 5
Let a = 1315 - 540. List the prime factors of a.
5, 31
Let y be (1 - 2755/25) + (-1)/(-5). Let f = y + 204. What are the prime factors of f?
5, 19
List the prime factors of (90/72)/(2*1/3064).
5, 383
Suppose 4*v - 3*v = -4*v. What are the prime factors of (40 - 3) + v*2/2?
37
Suppose 5*h = -5*q + 1615, 4*h - 1731 + 449 = -2*q. List the prime factors of h.
2, 3, 53
Let f = 3921 - 2689. List the prime factors of f.
2, 7, 11
Let j(s) = 32*s - 59. What are the prime factors of j(17)?
5, 97
Suppose 0 = -s - 3*w + 455, -s - 4*w + 914 = s. List the prime factors of s.
461
Let n be ((-2)/(-3))/(10/435). Suppose -2 = 2*q + 4. Let s = n + q. What are the prime factors of s?
2, 13
Let v be 754/2*(2 - 0). List the prime factors of (v/(-65))/((-3)/45).
2, 3, 29
Suppose -36 = -0*w - 4*w. Suppose -11*c + 224 = -w*c. Suppose 6*k = 2*k + c. What are the prime factors of k?
2, 7
Let t(v) = v**3 + 2*v - 2. Let i be t(2). Let n = 14 - i. List the prime factors of n.
2
Let r(y) = -y**2 + 10*y - 24. Let d be r(9). Suppose -p + 5*i - 32 = 0, 2*p + 6*i - 2*i = -64. Let s = d - p. List the prime factors of s.
17
Suppose 10*c = 13*c - 162. Suppose 0 = 10*t - 234 + c. List the prime factors of t.
2, 3
Let f = -8 + 11. Let n(b) be the third derivative of -b**6/120 + 2*b**5/15 - b**4/12 - b**3/2 + 11*b**2. What are the prime factors of n(f)?
2, 3
Suppose -i + 3 = -2*v, -2*v = 2*i - 0*i. Let u be (-57)/(-6) - v/(-2). Suppose -5*c - u = -8*c. List the prime factors of c.
3
Let v = -37 + 40. Let c(x) = x**2 + 5*x - 9. Let s be c(6). What are the prime factors of v/4 - s/(-4)?
3, 5
Let c be 1/(-1)*29 + -2. Let i = c - -64. Suppose 2*p - i = -p. What are the prime factors of p?
11
Suppose 49 = 2*c + 3*c + 3*v, -5*c + 52 = 4*v. Suppose -f + 47 = c. What are the prime factors of f?
3, 13
Let l(o) = -o**3 + 5*o**2 - 2*o + 8. Let d be l(5). List the prime factors of (-1 + -1 - -4)*(-20)/d.
2, 5
Let i = 9 - -7. Let z = 24 + i. What are the prime factors of z?
2, 5
Suppose 21*x - 30*x = -18882. List the prime factors of x.
2, 1049
Let u(v) = 30*v**2 - 15*v - 7. List the prime factors of u(-4).
13, 41
Let o(t) = -t**3 + 5*t**2 - 5*t + 2. Let i be o(3). Suppose 2*d + 2 = -8, 10 = i*h - 5*d. Let c = h - -12. List the prime factors of c.
3
Let f = -2 - -3. Suppose 0 = 2*w + o - 17 + f, -32 = -4*w + 5*o. Su